e the highest common factor of 3 and u.
1
Let v be (-99)/((-18)/(-3 - -21)). Let q = -4 + 9. Suppose -c + 4 = -q. Calculate the greatest common divisor of v and c.
9
Let z be 1 + 32 + -10 + 6 + 6. Suppose -z*r - 72 = -34*r. Let q = 27 - r. What is the greatest common divisor of 9 and q?
9
Let y(h) = -h**3 + 5*h**2 - 98*h + 403. Let a be y(4). What is the highest common factor of a and 72?
9
Let g(d) = -23 - 5*d + 25 + 6*d. Let z(a) = 26*a + 60. Let y(c) = 88*g(c) - 4*z(c). Let f be y(-12). Calculate the greatest common factor of f and 8.
8
Let f be 12 - (-4 + (4 - -3)). Suppose 3*g - f = -3, m - 28 = -4*g. Calculate the greatest common factor of m and 220.
20
Let r be 18557/91 + (-6)/(-78). What is the greatest common factor of 272 and r?
68
Let s = -18 + -91. Let d = 111 + s. Let w be (-453)/(-6) + d/(-4). Calculate the greatest common divisor of 15 and w.
15
Let d = 3474 + -2502. Calculate the greatest common factor of d and 405.
81
Let m = 3032 + -3005. Let r be (-1 - 0)/((-1)/2). Suppose -5*s + 1483 = 2*d, 2*s - 401 - 191 = -r*d. Calculate the highest common divisor of s and m.
27
Suppose 1071*n + 861 - 161 = 1081*n. What is the highest common divisor of 90 and n?
10
Suppose 16*h + 10*h - 130 = 0. Suppose 14*c = g + 15*c - 7, h*g - 44 = 4*c. Let d = -2 + 3. Calculate the greatest common divisor of d and g.
1
Let p = -435 - -505. Calculate the greatest common divisor of p and 896.
14
Let g = -42 + 48. Let i be (3 + (-1)/(g/16))*9. Suppose 0 = -i*q - 4*l + 250, 2*q = 3*q - 4*l - 110. Calculate the highest common factor of 10 and q.
10
Suppose -4*q = -5*x - 117, 4*q - 2 = 3*x + 121. Suppose -132 = q*p - 39*p. What is the highest common divisor of 121 and p?
11
Suppose -3*f + 6 = 3. Suppose 3*v = 8*v - 20. Let x be (-4065)/(-60) + f/v. What is the highest common divisor of 34 and x?
34
Let u be (-28)/(5/(-18) + (-8)/36). Suppose -49 - u = -7*v. Calculate the highest common divisor of v and 435.
15
Suppose 2*t + 172 = 5*b, -b + 97 = -5*t + 81. What is the greatest common divisor of b and 3252?
12
Let g(r) = -5*r + 4*r - 19 + 75. Let o be g(6). Calculate the greatest common divisor of 50 and o.
50
Suppose -11779 = -1066*g + 22333. Let n be 4/2 + 1 + -1. What is the greatest common divisor of n and g?
2
Suppose 14*a - 3284 - 880 = 3228. Calculate the greatest common factor of a and 56.
8
Suppose -4*f - 176 = -5*o - 5*f, 3*o - 124 = 4*f. Calculate the greatest common factor of 2034 and o.
18
Let v = 3400 - 2754. What is the greatest common factor of 304 and v?
38
Let z = -724 - -830. Calculate the greatest common divisor of z and 14.
2
Suppose j - 1 = 2. Let i(n) = 123*n - 444. Let y be i(4). Calculate the greatest common factor of j and y.
3
Let y(h) = -2*h**2 - 218*h + 182. Let i be y(-95). Calculate the greatest common factor of 21 and i.
7
Let m = 2167 + -2179. Suppose 5*g = -f - 3*f - 133, 0 = 2*g + 4*f + 58. Let j = m - g. Calculate the greatest common factor of 52 and j.
13
Let k be (151/(-4))/(9/36). Let z = 155 + k. Calculate the greatest common factor of 1 and z.
1
Let x = -39 - -41. Suppose -o + 42 = -d, 3*d = -2*o - x*o + 189. Suppose -o = -3*i - 0*i - 3*b, -67 = -5*i - 3*b. What is the highest common factor of 33 and i?
11
Suppose -4*o + u - 7 = -23, -7 = o - 3*u. Let b = 1 + 9. What is the greatest common factor of o and b?
5
Suppose -84 = -4*n - 4*g, 62 + 23 = 4*n + 5*g. What is the greatest common divisor of 1015 and n?
5
Suppose -31*l + 8042 - 3605 = -5483. Calculate the highest common divisor of 2624 and l.
64
Let a = -23 + 16. Let r be 2 + a/5 - 7320/(-50). What is the greatest common factor of 196 and r?
49
Suppose -61*m + 42310 = -96038. What is the highest common factor of m and 70?
14
Let v(j) = 117*j**2 + 36*j - 8. Let q be v(-4). What is the highest common factor of q and 129?
43
Let b = 2362 + 5459. What is the highest common divisor of b and 99?
99
Suppose -5*r + 63*l + 55443 = 61*l, 2*r - l = 22177. Calculate the greatest common divisor of r and 26.
13
Let g be (2 - 972/(-10))/(16/40). Let i = 338 - g. Calculate the greatest common divisor of i and 10.
10
Suppose -4*z = 5*k - 88, -4*k + 31 = -z + 74. Calculate the greatest common divisor of 3879 and z.
9
Suppose 2*d + q - 6 = -2*d, d - 5*q + 9 = 0. Let n = -26 - -39. What is the greatest common divisor of d and n?
1
Let x(u) = 2*u**2 + 45*u + 37. Let m be x(-22). Let l be 1/((m/200)/((-24)/(-20))). Calculate the greatest common divisor of l and 144.
16
Let t(r) = 107*r + 55. Let x be t(10). What is the highest common factor of x and 75?
75
Let c be -1*(-2 + -2) - (-156 + 0). Let a be (-64)/c - (-124)/10. Calculate the highest common divisor of 3 and a.
3
Suppose 121*p - 16719 - 9901 = 0. Let k = -20 + 60. What is the highest common factor of k and p?
20
Suppose 171523 - 25243 = 265*m. Let h be (-95)/(-4) - (-2)/8. Calculate the greatest common factor of h and m.
24
Let w(i) = i**3 + 5*i**2 + 2*i - 6. Let l be w(-4). Suppose -l*z = -z - 192. Let s = z + -120. Calculate the greatest common factor of 9 and s.
9
Suppose 13*m - 71521 = -26*m - 6196. What is the highest common factor of 200 and m?
25
Let h be (6/(-1))/((-9)/(36/(-8))). Let d be 15/3 - h*25/15. Calculate the greatest common factor of 90 and d.
10
Let h(f) = f**3 + 8*f**2 - 3*f - 46. Let d be h(-3). Let o = -36 - -50. Let l = o + -12. What is the greatest common factor of d and l?
2
Let y = 58 + -41. Suppose 372720*z = 372576*z + 7344. What is the greatest common factor of z and y?
17
Let q = 6275 - 6170. Calculate the greatest common divisor of 930 and q.
15
Suppose 547 + 796 = 17*r. Let v = 84 - r. What is the highest common factor of 65 and v?
5
Let r(w) = w**2 - 5. Let p be r(5). Let g = 61 + -55. Suppose -5*k = 2*v - 406, g*k - 234 = 3*k + 2*v. Calculate the greatest common factor of p and k.
20
Let c = 21 + 149. Suppose 5*v - 175 = 5*x, -4*v + 4*x = 6*x - c. Calculate the highest common factor of 20 and v.
20
Suppose x + 896 = 5*h, 60*x = 3*h + 55*x - 520. What is the highest common factor of h and 2016?
36
Suppose -74*h + 72*h + 2*c + 754 = 0, 0 = 3*h - 2*c - 1129. What is the greatest common divisor of h and 120?
15
Let v(o) = 2*o**3 - 3*o**2 + 12*o - 11. Let l be v(4). Let h(q) = 2*q**2 - 5*q + 23. Let m be h(-7). What is the greatest common factor of m and l?
39
Let a(u) = 4*u - 28. Let g(q) = -q**2 + 4*q + 19. Let i be g(6). Let k be a(i). Suppose -9*h = -k*h - 207. What is the highest common factor of h and 207?
23
Let n be ((-238)/(-77))/(-17) + ((-20952)/(-44) - 3). Calculate the highest common divisor of n and 688.
43
Let g(i) = 229*i + 241. Let j be g(-1). Calculate the greatest common divisor of j and 1005.
3
Let j = -202 - -206. Suppose -4*n - d = -878, j*n - d - 887 + 5 = 0. Calculate the greatest common divisor of 44 and n.
44
Let z(k) = -4*k + 342. Let s = -38 - -38. Let u be z(s). Suppose 4*f = 3*n - 249, 4*f - u = -4*n + 6*f. Calculate the greatest common divisor of n and 29.
29
Let m be (8/16)/((-1)/(-2)). Suppose 7 = 2*f + m. Suppose 12*h - 17*h - k = -15, 0 = -3*h - k + 9. What is the greatest common factor of f and h?
3
Let y be (-165)/(-1)*(-1100)/(-132). Calculate the highest common factor of y and 55.
55
Let u(d) = -4*d**3 + 44*d**2 - 16*d + 21. Let l be u(10). Let y be (-18)/(-81) + (-115)/(-9) + -4. What is the highest common factor of y and l?
9
Suppose 87*f - 3600 = 51*f. What is the greatest common divisor of f and 240?
20
Suppose 3*f - 5*h + 62 = 0, 4*f = 2*h - 88 - 4. Let c be (-3)/9 - f/(-9). Let v be (-4400)/(-48) + 2/c. Calculate the greatest common factor of 13 and v.
13
Suppose 821 = 127*d - 6164. Calculate the highest common divisor of 17325 and d.
55
Suppose 2*z = j - 5, 12 = 2*j + 5*z + 2. Suppose 4*r - n - 59 = 0, -j*n - 5 = r - 46. Let u = 55 + -23. What is the greatest common divisor of u and r?
16
Let v(h) = -h**3 + 26*h**2 - 21*h - 69. Let f be v(25). What is the greatest common divisor of 961 and f?
31
Let h be 99/3*(-2)/(-6). Suppose 6*b + 3*b = 1188. Suppose -51*n = -55*n + b. What is the highest common factor of h and n?
11
Suppose 4*h = 4, -3*c - 5*h + 13 = -5*c. Let m be 2*(2 + (-22)/c). Suppose -m + 895 = 5*l. Calculate the highest common divisor of l and 16.
16
Suppose 4*x - 3 = 5*r + x, 0 = r + 3*x - 3. Suppose 5*m + 0 - 20 = r. Suppose 34 - m = 10